Suppose -3*q = 5*o - 8*q - 200, 0 = -5*o + 3*q + 190. Let u = o + -24. List the prime factors of u.
11
Let o = 240 + -44. What are the prime factors of o?
2, 7
Suppose 2*r = -3*y - 31, 4*y - r + 39 = -6*r. Let a = y + 17. What are the prime factors of a?
2, 3
Let a = 67 - 44. List the prime factors of a.
23
Let j(p) = -p**2 - 12*p - 1. List the prime factors of j(-4).
31
Let c = 52 - 29. What are the prime factors of c?
23
Suppose -91 - 13 = -4*u. What are the prime factors of u?
2, 13
Let x(h) = h**2 - 5*h - 1. What are the prime factors of x(7)?
13
List the prime factors of (3 - 1) + 26/1.
2, 7
Suppose 3*d = -1 + 19. Suppose p - d + 4 = 0. What are the prime factors of 1 + -1 + p - -4?
2, 3
Let y be 2/(-7) - 261/(-7). Suppose -3*c - c + y = 5*t, 3*c - 24 = -3*t. Suppose w = c*w - 18. List the prime factors of w.
3
Suppose 8*j = 3*j + 4*g + 1269, 5*j + 5*g - 1260 = 0. List the prime factors of j.
11, 23
Let x(k) = -6*k. Let o(i) = i**2 + 3*i - 1. Let r be o(-3). What are the prime factors of x(r)?
2, 3
Suppose -420 = -2*z - 2*z. What are the prime factors of z?
3, 5, 7
Let w(a) = -a**3 + 10*a**2 - a + 13. Let i be w(10). Suppose i = -q, 4*c = 6*q - 3*q + 145. List the prime factors of c.
2, 17
Let x(y) be the first derivative of -y**2/2 + 6*y + 1. Let u be x(6). Suppose -3*r = 2*r - 4*a - 98, u = r + 5*a - 37. List the prime factors of r.
2, 11
Suppose 7*a - 2 = 4*a + 2*b, -4*a - b + 21 = 0. Suppose -9 = -a*c + 7*c. List the prime factors of c - -14 - 0/1.
11
Let p = 5 + -47. Let b = p + 21. Let j = -14 - b. What are the prime factors of j?
7
Suppose b + 100 = -3*b. Let o = b + 11. Let y = o + 20. List the prime factors of y.
2, 3
What are the prime factors of (-565)/(-35) + 1/(-7)?
2
Suppose 3*u + 13 = 4*u. Suppose 5*v + 20 = 5*g, -5*g - u = -2*g + 2*v. Let b = 14 + g. What are the prime factors of b?
13
Let s = -89 + 54. List the prime factors of ((-126)/s)/((-2)/(-10)).
2, 3
Suppose 2*q - 3*z - 26 = -11, -1 = -q - 5*z. Suppose 36 = 4*l - 0*l. Let w = l - q. List the prime factors of w.
3
Let c be (-12)/(9/(-3)) - 0. Let m(r) = -r**3 + 5*r**2 + 5*r - 8. What are the prime factors of m(c)?
2, 7
Let b be ((-1)/2)/((-1)/8). Suppose -5 - 1 = 3*l, -b*l = -2*q + 42. List the prime factors of q.
17
Suppose -o - 5*d - 7 = 0, 3*o = -3*d + 1 + 2. Let w = o - -9. What are the prime factors of w?
2, 3
Let z be 6/(-4)*(-12)/9. Let p be (6 + -4)*1/z. What are the prime factors of (p - -10) + 0 + -2?
3
Suppose 0*j + j + 7 = -3*q, -q + 1 = j. Let h(z) be the second derivative of z**4/12 + 2*z**3/3 + 3*z**2 - 8*z. What are the prime factors of h(q)?
2, 3
Let o = 29 + -19. List the prime factors of o.
2, 5
Suppose -13 - 89 = -3*w. Suppose -3*x - w = -5*n, -4*n + 0*n - x + 34 = 0. Suppose -n = 2*g - 4*g. What are the prime factors of g?
2
Suppose 0 = -2*b - 7*z + 2*z + 25, -5*b + z = -130. Let w = 9 - b. What are the prime factors of 60/w*(-16)/3?
2, 5
Suppose -294*b - 393 = -297*b. List the prime factors of b.
131
Let l(d) = -42*d + 2. What are the prime factors of l(-5)?
2, 53
Suppose r - 3*d - 4 = 0, r - 4 = -3*d - 0*d. Suppose r*v + 0*o - 12 = -o, o = -v + 3. Suppose 0*x = -v*x + 30. What are the prime factors of x?
2, 5
Suppose 2*c = 8, -6*m + 3*c = -3*m. Suppose -4*s + 16 - m = 0. What are the prime factors of -1*s*14/(-6)?
7
Let v(b) = -42*b**3 + 2*b + 1. What are the prime factors of v(-1)?
41
What are the prime factors of -1 - (1 + -82 + -2)?
2, 41
Suppose -3*x - 1030 = -5*s - 8*x, -3*s + 622 = x. Suppose -4*v = -4*q - s, -3*v + q = -5*v + 101. List the prime factors of 1/((-3)/v*-1).
17
Let j(m) = 2*m + 19. List the prime factors of j(8).
5, 7
Let m = -22 + 52. Suppose 0 = -3*l - 5*j + m, -2*l + 2*j + 20 = 6*j. List the prime factors of l.
2, 5
Let m = 72 + -29. What are the prime factors of m?
43
Suppose -130 = -5*v - 0. Suppose 5*x + 1 = v. What are the prime factors of x?
5
Let c(j) = j**3 + 4*j**2 - 2*j - 1. List the prime factors of c(-4).
7
Let v(i) = -2*i**2 + 4*i - 3. Let b be v(2). Let h = -5 - b. What are the prime factors of (1 + h)*(1 - 12)?
11
What are the prime factors of (-4)/10 - (-186)/15?
2, 3
Let n(c) = 3*c**2 - 3*c + 1. Let z = 8 + -5. What are the prime factors of n(z)?
19
Suppose 0*c + 3*c + 45 = 0. Let u = -11 - c. Suppose 5*d = -25, w + 0*w = -d + u. List the prime factors of w.
3
Let g(b) = b - 15. Let h be g(12). Let t be 14/(-6) + 2/h. Let w = 6 + t. List the prime factors of w.
3
Let n = -3 - -6. Suppose n*k - 20 = -2*k. Suppose -45 = h - k*h. What are the prime factors of h?
3, 5
Let m(y) = y - 6. Let s(f) = -2*f - 7. Let o be s(-5). Let w be m(o). Let x(z) = -4*z - 3. What are the prime factors of x(w)?
3
Suppose 8*g + 150 = 2702. What are the prime factors of g?
11, 29
Let t be (1721 + 1 - 1) + 2. Suppose -4*z + 1493 + t = 0. What are the prime factors of 2/(-11) + z/66?
2, 3
Let y be 3/(((-3)/98)/(-1)). Let w = -69 + y. What are the prime factors of w?
29
Let s(g) = g**2 + 2. Let p be s(-2). Suppose 3*m + 42 = p*m. What are the prime factors of m?
2, 7
Suppose 238 - 1106 = -4*k. List the prime factors of k.
7, 31
Suppose -8*g + 3*g = -20. Suppose -g*i + 45 = i. Suppose -2*s + s = -i. What are the prime factors of s?
3
Let t(l) = 3*l**2 - 9*l + 1. Let h be t(6). Let x be (-28)/(-5) - 4/(-10). What are the prime factors of (h/(-15))/((-2)/x)?
11
Suppose 5 = 4*z - 3. Suppose 5*r - 5*v + 23 = -v, r - 1 = -z*v. List the prime factors of (-38)/(-3) - 1/r.
13
Let b = 257 - -12. List the prime factors of b.
269
Suppose -4*d = -d - 9. Suppose 0 = 2*z - h - 73 + d, -z + 3*h = -45. What are the prime factors of z?
3, 11
Suppose 5*b = 38 - 13. Suppose i = z + 8, 4*z - b*i = -19 - 13. List the prime factors of -8*(10/z - 0).
2, 5
Let b = 6 + 9. Suppose -2*k - 3*k = -b. What are the prime factors of 24*(1 - k/12)?
2, 3
Suppose 221 = 3*y - 2*y. List the prime factors of y.
13, 17
Suppose 0 = d - 3*d. Suppose -5*i = -3*r - 35, -4*i = -d*r - 4*r - 36. Suppose i*b = -4*q + 36, 0 = -q - 2*q + 4*b + 62. List the prime factors of q.
2, 7
Let f = -158 + 258. What are the prime factors of f?
2, 5
Let b be -10 - 0 - (1 + -2). Let n = b - -31. What are the prime factors of n?
2, 11
Let n be -2 + (-2)/2*5. Let w = n - -13. What are the prime factors of w?
2, 3
Let u = -127 + 250. List the prime factors of u.
3, 41
Let z(v) = v**2 - v. Let u be z(5). What are the prime factors of 26 + (-5)/(u/12)?
23
Let l(s) = -2*s**2 - s**2 - 2 - 3*s - 3. Let n(m) = 5*m**2 + 5*m + 11. Let i(t) = 7*l(t) + 4*n(t). What are the prime factors of i(0)?
3
Let d be -4*(-4)/(-2 - -6). Suppose -h - 5*t - 52 = -4*h, 0 = d*h + 3*t - 21. List the prime factors of h.
3
Let l = 18 + -11. Let n = l - -5. List the prime factors of n.
2, 3
Suppose 5*p = -2*t - 10, -p + 2*t = -2*t - 20. Suppose 102 = -p*b + 6*b. List the prime factors of b.
17
Let g(j) be the first derivative of j**2/2 - 5*j - 2. Let x be g(7). Suppose -i = x, 0*c + i = -2*c + 12. What are the prime factors of c?
7
Let d(i) = i**2 + 2*i - 5. Let v be d(-4). Suppose -w + v = -4. Suppose 4*o = -3*j + 5, -w + 26 = j - 3*o. List the prime factors of j.
7
Let m(l) = -5*l**3 + l**2 - l + 2. Let j be m(2). Let a be 5/(-1*3/j). Suppose -i + 4*i - a = 0. What are the prime factors of i?
2, 5
Suppose -7*y = -39 - 297. What are the prime factors of y?
2, 3
Let d(x) = -x - 8. Let a be d(-8). Suppose -2*g - 2*g = a. Let z(c) = c + 13. List the prime factors of z(g).
13
Let w be (-5)/2*12/(-10). Suppose 5*d - 17 = w. Suppose o + 30 = d*o. List the prime factors of o.
2, 5
List the prime factors of 1704/42 - 3/(-7).
41
Let o be 1 - -1 - (-3 - 0). Suppose r - 8 = -2*a, -4*r + o*a = 10 - 3. Let j = 7 - r. What are the prime factors of j?
5
Suppose 2*r - 4*p - 266 = 0, p = 4*r - p - 502. What are the prime factors of r?
3, 41
Let y = 112 + -35. What are the prime factors of y?
7, 11
Suppose 19 = -4*m + 7. Let i(t) = 6*t - 4*t + 5 - t. What are the prime factors of i(m)?
2
Let g(x) = -x - 14. Let h(b) = 3*b + 29. Let q(j) = -5*g(j) - 2*h(j). What are the prime factors of q(-12)?
2, 3
Let p(l) = l**2 + 4*l + 8. Let o be p(-6). Suppose -4*y = -7*y - 2*x + 32, -x - o = -3*y. What are the prime factors of y?
2
Let c = 4 + -3. Suppose 0 = l - 3*l + 2. List the prime factors of c/(l/9*3).
3
Let t(w) = -w**3 - 6*w**2 - 4*w + 7. Le